{"id":3881,"date":"2014-08-22T10:12:07","date_gmt":"2014-08-22T08:12:07","guid":{"rendered":"https:\/\/blog.kakadu.pl\/wordpress\/?page_id=3881"},"modified":"2015-03-13T13:27:41","modified_gmt":"2015-03-13T12:27:41","slug":"klienci-o-nas","status":"publish","type":"page","link":"https:\/\/kakadu.pl\/blog\/klienci-o-nas\/","title":{"rendered":"Klienci o nas"},"content":{"rendered":"<h3>Tak nale\u017cy sprzedawa\u0107<\/h3>\n<p>Od kilku tygodni jestem sta\u0142ym klientem KAKADU w PORCIE \u0141\u00f3d\u017a. Tak fantastycznej i profesjonalnej obs\u0142ugi klienta ju\u017c dawno nie widzia\u0142em. W tym sklepie jest naprawd\u0119 bardzo mi\u0142o, po kilkunastu zakupach otrzyma\u0142em kart\u0119 rabatow\u0105 7%. Tam chce si\u0119 chodzi\u0107, moi koledzy w\u0119dkarze ju\u017c te\u017c zaczynaj\u0105 tutaj przyje\u017cd\u017ca\u0107 - wykupili\u015bmy prawie wszystko firmy TANDEM BAITS szkoda tylko \u017ce jest taki ma\u0142y wyb\u00f3r tej firmy i troch\u0119 szkoda, \u017ce nie uzupe\u0142niacie brak\u00f3w w postaci zan\u0119t. Polecam wszystkim i gratuluje doboru kadry.<\/p>\n<p style=\"text-align: right;\"><em>Robert<\/em><\/p>\n<h3 style=\"text-align: left;\">Skarb pracodawcy<\/h3>\n<p style=\"text-align: left;\"><span class=\"_3qi9\" data-reactid=\".21.1.0.0.0.0.1:$mid=11408867874671=2e00a59c37f91344f17.0.1.0.$right.0.0.1.0\"><span class=\"null\">Dzie\u0144 dobry, szkoda ze na Pa\u0144stwa stronie nie mo\u017cna pisa\u0107 post\u00f3w, poniewa\u017c chcieliby\u015bmy bardzo podzi\u0119kowa\u0107 panu \u0141ukaszowi ze sklepu Kakadu w CH Bemowo w Warszawie, za podzielenie si\u0119 swoja fachowa wiedza w temacie akwarystyki i wsparcie merytoryczne przy zakupach. Byli\u015bmy bardzo pozytywnie zaskoczeni-cz\u0142owiek z tak\u0105 pasj\u0105 to skarb dla pracodawcy. <\/span><\/span><\/p>\n<p style=\"text-align: right;\"><em><span class=\"_3qi9\" data-reactid=\".21.1.0.0.0.0.1:$mid=11408867874671=2e00a59c37f91344f17.0.1.0.$right.0.0.1.0\"><span class=\"null\">Pozdrawiamy Izabela i Pawe\u0142\u00a0<\/span><\/span><\/em><\/p>\n","protected":false},"excerpt":{"rendered":"<p>Tak nale\u017cy sprzedawa\u0107 Od kilku tygodni jestem sta\u0142ym klientem KAKADU w PORCIE \u0141\u00f3d\u017a. Tak fantastycznej i profesjonalnej obs\u0142ugi klienta ju\u017c dawno nie widzia\u0142em. W tym sklepie jest naprawd\u0119 bardzo mi\u0142o,...<\/p>\n","protected":false},"author":1,"featured_media":0,"parent":0,"menu_order":0,"comment_status":"open","ping_status":"open","template":"","meta":{"inline_featured_image":false,"footnotes":""},"yoast_head":"<!-- This site is optimized with the Yoast SEO plugin v22.4 - https:\/\/yoast.com\/wordpress\/plugins\/seo\/ -->\n<title>Klienci o nas | Blog o \ud83d\udc36\ud83d\udc31\ud83d\udc39 Kakadu.pl<\/title>\n<meta name=\"robots\" content=\"index, follow, max-snippet:-1, max-image-preview:large, max-video-preview:-1\" \/>\n<link rel=\"canonical\" href=\"https:\/\/kakadu.pl\/blog\/klienci-o-nas\/\" \/>\n<meta property=\"og:locale\" content=\"pl_PL\" \/>\n<meta property=\"og:type\" content=\"article\" \/>\n<meta property=\"og:title\" content=\"Klienci o nas | Blog o \ud83d\udc36\ud83d\udc31\ud83d\udc39 Kakadu.pl\" \/>\n<meta property=\"og:description\" content=\"Tak nale\u017cy sprzedawa\u0107 Od kilku tygodni jestem sta\u0142ym klientem KAKADU w PORCIE \u0141\u00f3d\u017a. Tak fantastycznej i profesjonalnej obs\u0142ugi klienta ju\u017c dawno nie widzia\u0142em. W tym sklepie jest naprawd\u0119 bardzo mi\u0142o,...\" \/>\n<meta property=\"og:url\" content=\"https:\/\/kakadu.pl\/blog\/klienci-o-nas\/\" \/>\n<meta property=\"og:site_name\" content=\"Sie\u0107 sklep\u00f3w zoologicznych Kakadu\" \/>\n<meta property=\"article:modified_time\" content=\"2015-03-13T12:27:41+00:00\" \/>\n<meta name=\"twitter:card\" content=\"summary_large_image\" \/>\n<meta name=\"twitter:label1\" content=\"Szacowany czas czytania\" \/>\n\t<meta name=\"twitter:data1\" content=\"1 minuta\" \/>\n<script type=\"application\/ld+json\" class=\"yoast-schema-graph\">{\"@context\":\"https:\/\/schema.org\",\"@graph\":[{\"@type\":\"WebPage\",\"@id\":\"https:\/\/kakadu.pl\/blog\/klienci-o-nas\/\",\"url\":\"https:\/\/kakadu.pl\/blog\/klienci-o-nas\/\",\"name\":\"Klienci o nas | Blog o \ud83d\udc36\ud83d\udc31\ud83d\udc39 Kakadu.pl\",\"isPartOf\":{\"@id\":\"https:\/\/kakadu.pl\/blog\/#website\"},\"datePublished\":\"2014-08-22T08:12:07+00:00\",\"dateModified\":\"2015-03-13T12:27:41+00:00\",\"breadcrumb\":{\"@id\":\"https:\/\/kakadu.pl\/blog\/klienci-o-nas\/#breadcrumb\"},\"inLanguage\":\"pl-PL\",\"potentialAction\":[{\"@type\":\"ReadAction\",\"target\":[\"https:\/\/kakadu.pl\/blog\/klienci-o-nas\/\"]}]},{\"@type\":\"BreadcrumbList\",\"@id\":\"https:\/\/kakadu.pl\/blog\/klienci-o-nas\/#breadcrumb\",\"itemListElement\":[{\"@type\":\"ListItem\",\"position\":1,\"name\":\"Blog\",\"item\":\"https:\/\/kakadu.pl\/blog\/\"},{\"@type\":\"ListItem\",\"position\":2,\"name\":\"Klienci o nas\"}]},{\"@type\":\"WebSite\",\"@id\":\"https:\/\/kakadu.pl\/blog\/#website\",\"url\":\"https:\/\/kakadu.pl\/blog\/\",\"name\":\"Sie\u0107 sklep\u00f3w zoologicznych Kakadu\",\"description\":\"Profesjonalna sie\u0107 sklep\u00f3w zoologicznych\",\"potentialAction\":[{\"@type\":\"SearchAction\",\"target\":{\"@type\":\"EntryPoint\",\"urlTemplate\":\"https:\/\/kakadu.pl\/blog\/?s={search_term_string}\"},\"query-input\":\"required name=search_term_string\"}],\"inLanguage\":\"pl-PL\"}]}<\/script>\n<!-- \/ Yoast SEO plugin. -->","yoast_head_json":{"title":"Klienci o nas | Blog o \ud83d\udc36\ud83d\udc31\ud83d\udc39 Kakadu.pl","robots":{"index":"index","follow":"follow","max-snippet":"max-snippet:-1","max-image-preview":"max-image-preview:large","max-video-preview":"max-video-preview:-1"},"canonical":"https:\/\/kakadu.pl\/blog\/klienci-o-nas\/","og_locale":"pl_PL","og_type":"article","og_title":"Klienci o nas | Blog o \ud83d\udc36\ud83d\udc31\ud83d\udc39 Kakadu.pl","og_description":"Tak nale\u017cy sprzedawa\u0107 Od kilku tygodni jestem sta\u0142ym klientem KAKADU w PORCIE \u0141\u00f3d\u017a. Tak fantastycznej i profesjonalnej obs\u0142ugi klienta ju\u017c dawno nie widzia\u0142em. W tym sklepie jest naprawd\u0119 bardzo mi\u0142o,...","og_url":"https:\/\/kakadu.pl\/blog\/klienci-o-nas\/","og_site_name":"Sie\u0107 sklep\u00f3w zoologicznych Kakadu","article_modified_time":"2015-03-13T12:27:41+00:00","twitter_card":"summary_large_image","twitter_misc":{"Szacowany czas czytania":"1 minuta"},"schema":{"@context":"https:\/\/schema.org","@graph":[{"@type":"WebPage","@id":"https:\/\/kakadu.pl\/blog\/klienci-o-nas\/","url":"https:\/\/kakadu.pl\/blog\/klienci-o-nas\/","name":"Klienci o nas | Blog o \ud83d\udc36\ud83d\udc31\ud83d\udc39 Kakadu.pl","isPartOf":{"@id":"https:\/\/kakadu.pl\/blog\/#website"},"datePublished":"2014-08-22T08:12:07+00:00","dateModified":"2015-03-13T12:27:41+00:00","breadcrumb":{"@id":"https:\/\/kakadu.pl\/blog\/klienci-o-nas\/#breadcrumb"},"inLanguage":"pl-PL","potentialAction":[{"@type":"ReadAction","target":["https:\/\/kakadu.pl\/blog\/klienci-o-nas\/"]}]},{"@type":"BreadcrumbList","@id":"https:\/\/kakadu.pl\/blog\/klienci-o-nas\/#breadcrumb","itemListElement":[{"@type":"ListItem","position":1,"name":"Blog","item":"https:\/\/kakadu.pl\/blog\/"},{"@type":"ListItem","position":2,"name":"Klienci o nas"}]},{"@type":"WebSite","@id":"https:\/\/kakadu.pl\/blog\/#website","url":"https:\/\/kakadu.pl\/blog\/","name":"Sie\u0107 sklep\u00f3w zoologicznych Kakadu","description":"Profesjonalna sie\u0107 sklep\u00f3w zoologicznych","potentialAction":[{"@type":"SearchAction","target":{"@type":"EntryPoint","urlTemplate":"https:\/\/kakadu.pl\/blog\/?s={search_term_string}"},"query-input":"required name=search_term_string"}],"inLanguage":"pl-PL"}]}},"_links":{"self":[{"href":"https:\/\/kakadu.pl\/blog\/wp-json\/wp\/v2\/pages\/3881"}],"collection":[{"href":"https:\/\/kakadu.pl\/blog\/wp-json\/wp\/v2\/pages"}],"about":[{"href":"https:\/\/kakadu.pl\/blog\/wp-json\/wp\/v2\/types\/page"}],"author":[{"embeddable":true,"href":"https:\/\/kakadu.pl\/blog\/wp-json\/wp\/v2\/users\/1"}],"replies":[{"embeddable":true,"href":"https:\/\/kakadu.pl\/blog\/wp-json\/wp\/v2\/comments?post=3881"}],"version-history":[{"count":0,"href":"https:\/\/kakadu.pl\/blog\/wp-json\/wp\/v2\/pages\/3881\/revisions"}],"wp:attachment":[{"href":"https:\/\/kakadu.pl\/blog\/wp-json\/wp\/v2\/media?parent=3881"}],"curies":[{"name":"wp","href":"https:\/\/api.w.org\/{rel}","templated":true}]}}