{"id":23821,"date":"2018-05-01T03:52:02","date_gmt":"2018-05-01T03:52:02","guid":{"rendered":"http:\/\/atomic.oxy.host\/?page_id=224"},"modified":"2022-10-18T13:16:12","modified_gmt":"2022-10-18T11:16:12","slug":"home","status":"publish","type":"page","link":"https:\/\/kakadu.pl\/blog\/","title":{"rendered":"Home"},"content":{"rendered":"\n<p>PSY<\/p>\n\n\n\n<p>KOTY<\/p>\n\n\n\n<p>GRYZONIE<\/p>\n\n\n\n<p>PTAKI<\/p>\n\n\n\n<p>AKWARYSTYKA<\/p>\n","protected":false},"excerpt":{"rendered":"<p>PSY KOTY GRYZONIE PTAKI AKWARYSTYKA<\/p>\n","protected":false},"author":6,"featured_media":0,"parent":0,"menu_order":0,"comment_status":"closed","ping_status":"closed","template":"","meta":{"inline_featured_image":false,"footnotes":""},"yoast_head":"<!-- This site is optimized with the Yoast SEO plugin v22.4 - https:\/\/yoast.com\/wordpress\/plugins\/seo\/ -->\n<title>Blog Kakadu Zoo | Sie\u0107 sklep\u00f3w zoologicznych Kakadu<\/title>\n<meta name=\"description\" content=\"Blog Super Zoo to najlepsze porady specjalist\u00f3w oraz ciekawostki o zwierz\u0119tach. Sprawd\u017a wiedz\u0119 od specjalist\u00f3w na naszym blogu.\" \/>\n<meta name=\"robots\" content=\"index, follow, max-snippet:-1, max-image-preview:large, max-video-preview:-1\" \/>\n<link rel=\"canonical\" href=\"https:\/\/kakadu.pl\/blog\/\" \/>\n<meta property=\"og:locale\" content=\"pl_PL\" \/>\n<meta property=\"og:type\" content=\"article\" \/>\n<meta property=\"og:title\" content=\"Blog Kakadu Zoo | Sie\u0107 sklep\u00f3w zoologicznych Kakadu\" \/>\n<meta property=\"og:description\" content=\"Blog Super Zoo to najlepsze porady specjalist\u00f3w oraz ciekawostki o zwierz\u0119tach. Sprawd\u017a wiedz\u0119 od specjalist\u00f3w na naszym blogu.\" \/>\n<meta property=\"og:url\" content=\"https:\/\/kakadu.pl\/blog\/\" \/>\n<meta property=\"og:site_name\" content=\"Sie\u0107 sklep\u00f3w zoologicznych Kakadu\" \/>\n<meta property=\"article:modified_time\" content=\"2022-10-18T11:16:12+00:00\" \/>\n<meta name=\"twitter:card\" content=\"summary_large_image\" \/>\n<meta name=\"twitter:label1\" content=\"Szacowany czas czytania\" \/>\n\t<meta name=\"twitter:data1\" content=\"1 minuta\" \/>\n<script type=\"application\/ld+json\" class=\"yoast-schema-graph\">{\"@context\":\"https:\/\/schema.org\",\"@graph\":[{\"@type\":\"WebPage\",\"@id\":\"https:\/\/kakadu.pl\/blog\/\",\"url\":\"https:\/\/kakadu.pl\/blog\/\",\"name\":\"Blog Kakadu Zoo | Sie\u0107 sklep\u00f3w zoologicznych Kakadu\",\"isPartOf\":{\"@id\":\"https:\/\/kakadu.pl\/blog\/#website\"},\"datePublished\":\"2018-05-01T03:52:02+00:00\",\"dateModified\":\"2022-10-18T11:16:12+00:00\",\"description\":\"Blog Super Zoo to najlepsze porady specjalist\u00f3w oraz ciekawostki o zwierz\u0119tach. Sprawd\u017a wiedz\u0119 od specjalist\u00f3w na naszym blogu.\",\"breadcrumb\":{\"@id\":\"https:\/\/kakadu.pl\/blog\/#breadcrumb\"},\"inLanguage\":\"pl-PL\",\"potentialAction\":[{\"@type\":\"ReadAction\",\"target\":[\"https:\/\/kakadu.pl\/blog\/\"]}]},{\"@type\":\"BreadcrumbList\",\"@id\":\"https:\/\/kakadu.pl\/blog\/#breadcrumb\",\"itemListElement\":[{\"@type\":\"ListItem\",\"position\":1,\"name\":\"Blog\",\"item\":\"https:\/\/kakadu.pl\/blog\/\"},{\"@type\":\"ListItem\",\"position\":2,\"name\":\"Home\"}]},{\"@type\":\"WebSite\",\"@id\":\"https:\/\/kakadu.pl\/blog\/#website\",\"url\":\"https:\/\/kakadu.pl\/blog\/\",\"name\":\"Sie\u0107 sklep\u00f3w zoologicznych Kakadu\",\"description\":\"Profesjonalna sie\u0107 sklep\u00f3w zoologicznych\",\"potentialAction\":[{\"@type\":\"SearchAction\",\"target\":{\"@type\":\"EntryPoint\",\"urlTemplate\":\"https:\/\/kakadu.pl\/blog\/?s={search_term_string}\"},\"query-input\":\"required name=search_term_string\"}],\"inLanguage\":\"pl-PL\"}]}<\/script>\n<!-- \/ Yoast SEO plugin. -->","yoast_head_json":{"title":"Blog Kakadu Zoo | Sie\u0107 sklep\u00f3w zoologicznych Kakadu","description":"Blog Super Zoo to najlepsze porady specjalist\u00f3w oraz ciekawostki o zwierz\u0119tach. Sprawd\u017a wiedz\u0119 od specjalist\u00f3w na naszym blogu.","robots":{"index":"index","follow":"follow","max-snippet":"max-snippet:-1","max-image-preview":"max-image-preview:large","max-video-preview":"max-video-preview:-1"},"canonical":"https:\/\/kakadu.pl\/blog\/","og_locale":"pl_PL","og_type":"article","og_title":"Blog Kakadu Zoo | Sie\u0107 sklep\u00f3w zoologicznych Kakadu","og_description":"Blog Super Zoo to najlepsze porady specjalist\u00f3w oraz ciekawostki o zwierz\u0119tach. Sprawd\u017a wiedz\u0119 od specjalist\u00f3w na naszym blogu.","og_url":"https:\/\/kakadu.pl\/blog\/","og_site_name":"Sie\u0107 sklep\u00f3w zoologicznych Kakadu","article_modified_time":"2022-10-18T11:16:12+00:00","twitter_card":"summary_large_image","twitter_misc":{"Szacowany czas czytania":"1 minuta"},"schema":{"@context":"https:\/\/schema.org","@graph":[{"@type":"WebPage","@id":"https:\/\/kakadu.pl\/blog\/","url":"https:\/\/kakadu.pl\/blog\/","name":"Blog Kakadu Zoo | Sie\u0107 sklep\u00f3w zoologicznych Kakadu","isPartOf":{"@id":"https:\/\/kakadu.pl\/blog\/#website"},"datePublished":"2018-05-01T03:52:02+00:00","dateModified":"2022-10-18T11:16:12+00:00","description":"Blog Super Zoo to najlepsze porady specjalist\u00f3w oraz ciekawostki o zwierz\u0119tach. Sprawd\u017a wiedz\u0119 od specjalist\u00f3w na naszym blogu.","breadcrumb":{"@id":"https:\/\/kakadu.pl\/blog\/#breadcrumb"},"inLanguage":"pl-PL","potentialAction":[{"@type":"ReadAction","target":["https:\/\/kakadu.pl\/blog\/"]}]},{"@type":"BreadcrumbList","@id":"https:\/\/kakadu.pl\/blog\/#breadcrumb","itemListElement":[{"@type":"ListItem","position":1,"name":"Blog","item":"https:\/\/kakadu.pl\/blog\/"},{"@type":"ListItem","position":2,"name":"Home"}]},{"@type":"WebSite","@id":"https:\/\/kakadu.pl\/blog\/#website","url":"https:\/\/kakadu.pl\/blog\/","name":"Sie\u0107 sklep\u00f3w zoologicznych Kakadu","description":"Profesjonalna sie\u0107 sklep\u00f3w zoologicznych","potentialAction":[{"@type":"SearchAction","target":{"@type":"EntryPoint","urlTemplate":"https:\/\/kakadu.pl\/blog\/?s={search_term_string}"},"query-input":"required name=search_term_string"}],"inLanguage":"pl-PL"}]}},"_links":{"self":[{"href":"https:\/\/kakadu.pl\/blog\/wp-json\/wp\/v2\/pages\/23821"}],"collection":[{"href":"https:\/\/kakadu.pl\/blog\/wp-json\/wp\/v2\/pages"}],"about":[{"href":"https:\/\/kakadu.pl\/blog\/wp-json\/wp\/v2\/types\/page"}],"author":[{"embeddable":true,"href":"https:\/\/kakadu.pl\/blog\/wp-json\/wp\/v2\/users\/6"}],"replies":[{"embeddable":true,"href":"https:\/\/kakadu.pl\/blog\/wp-json\/wp\/v2\/comments?post=23821"}],"version-history":[{"count":1,"href":"https:\/\/kakadu.pl\/blog\/wp-json\/wp\/v2\/pages\/23821\/revisions"}],"predecessor-version":[{"id":27865,"href":"https:\/\/kakadu.pl\/blog\/wp-json\/wp\/v2\/pages\/23821\/revisions\/27865"}],"wp:attachment":[{"href":"https:\/\/kakadu.pl\/blog\/wp-json\/wp\/v2\/media?parent=23821"}],"curies":[{"name":"wp","href":"https:\/\/api.w.org\/{rel}","templated":true}]}}