{"id":22847,"date":"2020-11-13T10:32:28","date_gmt":"2020-11-13T09:32:28","guid":{"rendered":"https:\/\/blog.kakadu.pl\/wordpress\/?page_id=22847"},"modified":"2020-11-27T09:02:13","modified_gmt":"2020-11-27T08:02:13","slug":"black-friday-w-e-sklepie-kakadu","status":"publish","type":"page","link":"https:\/\/kakadu.pl\/blog\/black-friday-w-e-sklepie-kakadu\/","title":{"rendered":"Black Friday w e-sklepie Kakadu!"},"content":{"rendered":"<div class=\"wpb-content-wrapper\"><div class=\"ct-section-inner-wrap\">[vc_row][vc_column][vc_single_image image=\"22905\" img_size=\"full\" alignment=\"center\" onclick=\"custom_link\" img_link_target=\"_blank\" link=\"https:\/\/kakadu.pl\/\"][vc_column_text]<\/p>\n<p style=\"text-align: center;\"><span style=\"color: #d66705;\"><strong>Black Friday w e-sklepie Kakadu!<\/strong><\/span><\/p>\n<p style=\"text-align: center;\"><span data-sheets-value=\"{&quot;1&quot;:2,&quot;2&quot;:&quot;Powiedzie\u0107 o rabacie 60% \u017ce jest atrakcyjny, to tak jak nic nie powiedzie\u0107! Ale taka jest prawda \u2013 z okazji Black Friday przygotowali\u015bmy w Kakadu w\u0142a\u015bnie 60% zni\u017cki na wybrane produkty, specjalnie dla Was i Waszych milusi\u0144skich J\\n\\nSprawd\u017acie &lt;produkty obj\u0119te rabatem 60%&gt;&quot;}\" data-sheets-userformat=\"{&quot;2&quot;:961,&quot;3&quot;:{&quot;1&quot;:0},&quot;9&quot;:1,&quot;10&quot;:1,&quot;11&quot;:4,&quot;12&quot;:0}\">Powiedzie\u0107 o rabacie 60% \u017ce jest atrakcyjny, to tak jak nic nie powiedzie\u0107! Ale taka jest prawda. Z okazji Black Friday w e-sklepie Kakadu czekaj\u0105 na Was atrakcyjne rabaty! Nawet do -60% na wybrane produkty! <strong>Promocja obowi\u0105zuje od 27 do 30 listopada.<\/strong><\/span><\/p>\n<p style=\"text-align: center;\"><span style=\"color: #d66705;\"><strong> Sprawd\u017acie produkty obj\u0119te rabatem<\/strong><\/span><\/p>\n<p>[\/vc_column_text][\/vc_column][\/vc_row]<\/p><\/div>\n<div class=\"ct-section-inner-wrap\">[vc_row][vc_column width=\"1\/2\"][vc_text_separator title=\"Psy\" color=\"sandy_brown\"][vc_raw_html]JTNDaWZyYW1lJTIwc3JjJTNEJTIyaHR0cHMlM0ElMkYlMkZlLXNrbGVwLmtha2FkdS5wbCUyRmFkYm94LnBocCUzRmlkJTNEMTg3NSUyNmhhc2glM0RlMDEzNTBhZTgyOTc1NDZkMjg2MjFkNTMxMWVkOWFiMiUyMiUyMHdpZHRoJTNEJTIyMTAwJTI1JTIyJTIwaGVpZ2h0JTNEJTIyMjM1JTIyJTIwc3R5bGUlM0QlMjJ3aWR0aCUzQTEwMCUyNSUzQiUyMGhlaWdodCUzQTIzNXB4JTNCJTIyJTIwZnJhbWVib3JkZXIlM0QlMjIwJTIyJTNFJTNDJTJGaWZyYW1lJTNF[\/vc_raw_html][vc_message message_box_style=\"outline\" message_box_color=\"sandy_brown\" icon_fontawesome=\"fa fa-shopping-cart\"]<a href=\"https:\/\/kakadu.pl\/kategoria-307\/black.friday.htm?rodzaj=warunek1\" target=\"_blank\" rel=\"noopener\">Kliknij, aby zobaczy\u0107 wi\u0119cej produkt\u00f3w w promocji Black Friday w e-sklepie Kakadu!\u00a0<strong>KLIK \u00bb<\/strong><\/a>[\/vc_message][\/vc_column][vc_column width=\"1\/2\"][vc_text_separator title=\"Koty\" color=\"sandy_brown\"][vc_raw_html]JTNDaWZyYW1lJTIwc3JjJTNEJTIyaHR0cHMlM0ElMkYlMkZlLXNrbGVwLmtha2FkdS5wbCUyRmFkYm94LnBocCUzRmlkJTNEMTg3NSUyNmhhc2glM0RlMDEzNTBhZTgyOTc1NDZkMjg2MjFkNTMxMWVkOWFiMiUyMiUyMHdpZHRoJTNEJTIyMTAwJTI1JTIyJTIwaGVpZ2h0JTNEJTIyMjM1JTIyJTIwc3R5bGUlM0QlMjJ3aWR0aCUzQTEwMCUyNSUzQiUyMGhlaWdodCUzQTIzNXB4JTNCJTIyJTIwZnJhbWVib3JkZXIlM0QlMjIwJTIyJTNFJTNDJTJGaWZyYW1lJTNF[\/vc_raw_html][vc_message message_box_style=\"outline\" message_box_color=\"sandy_brown\" icon_fontawesome=\"fa fa-shopping-cart\"]<a href=\"https:\/\/kakadu.pl\/kategoria-307\/black.friday.htm?rodzaj=warunek2\" target=\"_blank\" rel=\"noopener\">Kliknij, aby zobaczy\u0107 wi\u0119cej produkt\u00f3w w promocji Black Friday w e-sklepie Kakadu!\u00a0<strong>KLIK \u00bb<\/strong><\/a>[\/vc_message][\/vc_column][\/vc_row]<\/div>\n<div class=\"ct-section-inner-wrap\">[vc_row][vc_column width=\"1\/2\"][vc_text_separator title=\"Gryzonie\" color=\"sandy_brown\"][vc_raw_html]JTNDaWZyYW1lJTIwc3JjJTNEJTIyaHR0cHMlM0ElMkYlMkZlLXNrbGVwLmtha2FkdS5wbCUyRmFkYm94LnBocCUzRmlkJTNEMTg3NiUyNmhhc2glM0Q5NDAzYjY2YjA4MDUxZDVkOGQ1ZTMyZmQyMmQ4NGVhOSUyMiUyMHdpZHRoJTNEJTIyMTAwJTI1JTIyJTIwaGVpZ2h0JTNEJTIyMjM1JTIyJTIwc3R5bGUlM0QlMjJ3aWR0aCUzQTEwMCUyNSUzQiUyMGhlaWdodCUzQTIzNXB4JTNCJTIyJTIwZnJhbWVib3JkZXIlM0QlMjIwJTIyJTNFJTNDJTJGaWZyYW1lJTNF[\/vc_raw_html][vc_message message_box_style=\"outline\" message_box_color=\"sandy_brown\" icon_fontawesome=\"fa fa-shopping-cart\"]<a href=\"https:\/\/kakadu.pl\/kategoria-307\/black.friday.htm?rodzaj=warunek3\" target=\"_blank\" rel=\"noopener\">Kliknij, aby zobaczy\u0107 wi\u0119cej produkt\u00f3w w promocji Black Friday w e-sklepie Kakadu! <strong>KLIK \u00bb<\/strong><\/a>[\/vc_message][\/vc_column][vc_column width=\"1\/2\"][vc_text_separator title=\"Ptaki\" color=\"sandy_brown\"][vc_raw_html]JTNDaWZyYW1lJTIwc3JjJTNEJTIyaHR0cHMlM0ElMkYlMkZlLXNrbGVwLmtha2FkdS5wbCUyRmFkYm94LnBocCUzRmlkJTNEMTg3NyUyNmhhc2glM0QyN2I4MTUzMDc4ODQyYWU1MTE3OGM2ZmNhMzY1ZmU1NCUyMiUyMHdpZHRoJTNEJTIyMTAwJTI1JTIyJTIwaGVpZ2h0JTNEJTIyMjM1JTIyJTIwc3R5bGUlM0QlMjJ3aWR0aCUzQTEwMCUyNSUzQiUyMGhlaWdodCUzQTIzNXB4JTNCJTIyJTIwZnJhbWVib3JkZXIlM0QlMjIwJTIyJTNFJTNDJTJGaWZyYW1lJTNF[\/vc_raw_html][vc_message message_box_style=\"outline\" message_box_color=\"sandy_brown\" icon_fontawesome=\"fa fa-shopping-cart\"]<a href=\"https:\/\/kakadu.pl\/kategoria-307\/black.friday.htm?rodzaj=warunek4\" target=\"_blank\" rel=\"noopener\">Kliknij, aby zobaczy\u0107 wi\u0119cej produkt\u00f3w w promocji Black Friday w e-sklepie Kakadu! <strong>KLIK \u00bb<\/strong><\/a>[\/vc_message][\/vc_column][\/vc_row]<\/div>\n<div class=\"ct-section-inner-wrap\">[vc_row][vc_column][vc_text_separator title=\"Akwarystyka\" color=\"sandy_brown\"][vc_raw_html]JTNDaWZyYW1lJTIwc3JjJTNEJTIyaHR0cHMlM0ElMkYlMkZlLXNrbGVwLmtha2FkdS5wbCUyRmFkYm94LnBocCUzRmlkJTNEMTg3OCUyNmhhc2glM0QzNTMyOTY4MjVmYWViMTM2ZjAwMjViZWI3ZmMzNTRhYiUyMiUyMHdpZHRoJTNEJTIyMTAwJTI1JTIyJTIwaGVpZ2h0JTNEJTIyMjM1JTIyJTIwc3R5bGUlM0QlMjJ3aWR0aCUzQTEwMCUyNSUzQiUyMGhlaWdodCUzQTIzNXB4JTNCJTIyJTIwZnJhbWVib3JkZXIlM0QlMjIwJTIyJTNFJTNDJTJGaWZyYW1lJTNF[\/vc_raw_html][vc_message message_box_style=\"outline\" message_box_color=\"sandy_brown\" icon_fontawesome=\"fa fa-shopping-cart\"]<a href=\"https:\/\/kakadu.pl\/kategoria-307\/black.friday.htm?rodzaj=warunek6\" target=\"_blank\" rel=\"noopener\">Kliknij, aby zobaczy\u0107 wi\u0119cej produkt\u00f3w w promocji Black Friday w e-sklepie Kakadu! <strong>KLIK \u00bb<\/strong><\/a>[\/vc_message][\/vc_column][\/vc_row]<\/div>\n<div class=\"ct-section-inner-wrap\">[vc_row][vc_column][vc_text_separator title=\"Przejd\u017a do e-sklepu Kakadu\" color=\"sandy_brown\"][vc_single_image image=\"21070\" img_size=\"full\" alignment=\"center\" onclick=\"custom_link\" img_link_target=\"_blank\" link=\"https:\/\/kakadu.pl\/\"][\/vc_column][\/vc_row]<\/div>\n<div class=\"ct-section-inner-wrap\">[vc_row][vc_column][vc_text_separator title=\"Regulamin promocji\" color=\"sandy_brown\"][\/vc_column][\/vc_row]<\/div>\n<div class=\"ct-section-inner-wrap\">[vc_row][vc_column width=\"1\/3\"][\/vc_column][vc_column width=\"1\/3\"][vc_column_text]<a href=\"https:\/\/kakadu.pl\/blog\/wp-content\/uploads\/2014\/05\/REGULAMIN-PROMOCJI-Black-Friday-e-Kakadu-listopad-2020.pdf\" target=\"_blank\" rel=\"noopener\">Regulamin promocji Black Friday w e-sklepie Kakadu!\u00a0<strong>KLIK \u00bb<\/strong><\/a> <a href=\"https:\/\/kakadu.pl\/blog\/wp-content\/uploads\/2014\/05\/Za\u0142\u0105cznik-nr-1-do-regulaminu-promocji-Black-Friday-2020-w-e-sklepie-Kakadu.pdf\" target=\"_blank\" rel=\"noopener\">Za\u0142\u0105cznik nr 1 do regulaminu promocji \u201eBlack Friday\u201d w e-sklepie Kakadu <strong>KLIK \u00bb<\/strong><\/a>[\/vc_column_text][\/vc_column][vc_column width=\"1\/3\"][\/vc_column][\/vc_row]<\/div>\n<\/div>","protected":false},"excerpt":{"rendered":"<p>[vc_row][vc_column][vc_single_image image=\"22905\" img_size=\"full\" alignment=\"center\" onclick=\"custom_link\" img_link_target=\"_blank\" link=\"https:\/\/kakadu.pl\/\"][vc_column_text] Black Friday w e-sklepie Kakadu! Powiedzie\u0107 o rabacie 60% \u017ce jest atrakcyjny, to tak jak nic nie powiedzie\u0107! Ale taka jest prawda. Z...<\/p>\n","protected":false},"author":16,"featured_media":0,"parent":0,"menu_order":0,"comment_status":"closed","ping_status":"closed","template":"template-fullwidth.php","meta":{"inline_featured_image":false,"footnotes":""},"yoast_head":"<!-- This site is optimized with the Yoast SEO plugin v22.4 - https:\/\/yoast.com\/wordpress\/plugins\/seo\/ -->\n<title>Black Friday w e-sklepie Kakadu! | Blog o \ud83d\udc36\ud83d\udc31\ud83d\udc39 Kakadu.pl<\/title>\n<meta name=\"robots\" content=\"index, follow, max-snippet:-1, max-image-preview:large, max-video-preview:-1\" \/>\n<link rel=\"canonical\" href=\"https:\/\/kakadu.pl\/blog\/black-friday-w-e-sklepie-kakadu\/\" \/>\n<meta property=\"og:locale\" content=\"pl_PL\" \/>\n<meta property=\"og:type\" content=\"article\" \/>\n<meta property=\"og:title\" content=\"Black Friday w e-sklepie Kakadu! | Blog o \ud83d\udc36\ud83d\udc31\ud83d\udc39 Kakadu.pl\" \/>\n<meta property=\"og:description\" content=\"[vc_row][vc_column][vc_single_image image=&quot;22905&quot; img_size=&quot;full&quot; alignment=&quot;center&quot; onclick=&quot;custom_link&quot; img_link_target=&quot;_blank&quot; link=&quot;https:\/\/kakadu.pl\/&quot;][vc_column_text] Black Friday w e-sklepie Kakadu! Powiedzie\u0107 o rabacie 60% \u017ce jest atrakcyjny, to tak jak nic nie powiedzie\u0107! Ale taka jest prawda. Z...\" \/>\n<meta property=\"og:url\" content=\"https:\/\/kakadu.pl\/blog\/black-friday-w-e-sklepie-kakadu\/\" \/>\n<meta property=\"og:site_name\" content=\"Sie\u0107 sklep\u00f3w zoologicznych Kakadu\" \/>\n<meta property=\"article:modified_time\" content=\"2020-11-27T08:02:13+00:00\" \/>\n<meta name=\"twitter:card\" content=\"summary_large_image\" \/>\n<meta name=\"twitter:label1\" content=\"Szacowany czas czytania\" \/>\n\t<meta name=\"twitter:data1\" content=\"3 minuty\" \/>\n<script type=\"application\/ld+json\" class=\"yoast-schema-graph\">{\"@context\":\"https:\/\/schema.org\",\"@graph\":[{\"@type\":\"WebPage\",\"@id\":\"https:\/\/kakadu.pl\/blog\/black-friday-w-e-sklepie-kakadu\/\",\"url\":\"https:\/\/kakadu.pl\/blog\/black-friday-w-e-sklepie-kakadu\/\",\"name\":\"Black Friday w e-sklepie Kakadu! | Blog o \ud83d\udc36\ud83d\udc31\ud83d\udc39 Kakadu.pl\",\"isPartOf\":{\"@id\":\"https:\/\/kakadu.pl\/blog\/#website\"},\"datePublished\":\"2020-11-13T09:32:28+00:00\",\"dateModified\":\"2020-11-27T08:02:13+00:00\",\"breadcrumb\":{\"@id\":\"https:\/\/kakadu.pl\/blog\/black-friday-w-e-sklepie-kakadu\/#breadcrumb\"},\"inLanguage\":\"pl-PL\",\"potentialAction\":[{\"@type\":\"ReadAction\",\"target\":[\"https:\/\/kakadu.pl\/blog\/black-friday-w-e-sklepie-kakadu\/\"]}]},{\"@type\":\"BreadcrumbList\",\"@id\":\"https:\/\/kakadu.pl\/blog\/black-friday-w-e-sklepie-kakadu\/#breadcrumb\",\"itemListElement\":[{\"@type\":\"ListItem\",\"position\":1,\"name\":\"Blog\",\"item\":\"https:\/\/kakadu.pl\/blog\/\"},{\"@type\":\"ListItem\",\"position\":2,\"name\":\"Black Friday w e-sklepie Kakadu!\"}]},{\"@type\":\"WebSite\",\"@id\":\"https:\/\/kakadu.pl\/blog\/#website\",\"url\":\"https:\/\/kakadu.pl\/blog\/\",\"name\":\"Sie\u0107 sklep\u00f3w zoologicznych Kakadu\",\"description\":\"Profesjonalna sie\u0107 sklep\u00f3w zoologicznych\",\"potentialAction\":[{\"@type\":\"SearchAction\",\"target\":{\"@type\":\"EntryPoint\",\"urlTemplate\":\"https:\/\/kakadu.pl\/blog\/?s={search_term_string}\"},\"query-input\":\"required name=search_term_string\"}],\"inLanguage\":\"pl-PL\"}]}<\/script>\n<!-- \/ Yoast SEO plugin. -->","yoast_head_json":{"title":"Black Friday w e-sklepie Kakadu! | Blog o \ud83d\udc36\ud83d\udc31\ud83d\udc39 Kakadu.pl","robots":{"index":"index","follow":"follow","max-snippet":"max-snippet:-1","max-image-preview":"max-image-preview:large","max-video-preview":"max-video-preview:-1"},"canonical":"https:\/\/kakadu.pl\/blog\/black-friday-w-e-sklepie-kakadu\/","og_locale":"pl_PL","og_type":"article","og_title":"Black Friday w e-sklepie Kakadu! | Blog o \ud83d\udc36\ud83d\udc31\ud83d\udc39 Kakadu.pl","og_description":"[vc_row][vc_column][vc_single_image image=\"22905\" img_size=\"full\" alignment=\"center\" onclick=\"custom_link\" img_link_target=\"_blank\" link=\"https:\/\/kakadu.pl\/\"][vc_column_text] Black Friday w e-sklepie Kakadu! Powiedzie\u0107 o rabacie 60% \u017ce jest atrakcyjny, to tak jak nic nie powiedzie\u0107! Ale taka jest prawda. Z...","og_url":"https:\/\/kakadu.pl\/blog\/black-friday-w-e-sklepie-kakadu\/","og_site_name":"Sie\u0107 sklep\u00f3w zoologicznych Kakadu","article_modified_time":"2020-11-27T08:02:13+00:00","twitter_card":"summary_large_image","twitter_misc":{"Szacowany czas czytania":"3 minuty"},"schema":{"@context":"https:\/\/schema.org","@graph":[{"@type":"WebPage","@id":"https:\/\/kakadu.pl\/blog\/black-friday-w-e-sklepie-kakadu\/","url":"https:\/\/kakadu.pl\/blog\/black-friday-w-e-sklepie-kakadu\/","name":"Black Friday w e-sklepie Kakadu! | Blog o \ud83d\udc36\ud83d\udc31\ud83d\udc39 Kakadu.pl","isPartOf":{"@id":"https:\/\/kakadu.pl\/blog\/#website"},"datePublished":"2020-11-13T09:32:28+00:00","dateModified":"2020-11-27T08:02:13+00:00","breadcrumb":{"@id":"https:\/\/kakadu.pl\/blog\/black-friday-w-e-sklepie-kakadu\/#breadcrumb"},"inLanguage":"pl-PL","potentialAction":[{"@type":"ReadAction","target":["https:\/\/kakadu.pl\/blog\/black-friday-w-e-sklepie-kakadu\/"]}]},{"@type":"BreadcrumbList","@id":"https:\/\/kakadu.pl\/blog\/black-friday-w-e-sklepie-kakadu\/#breadcrumb","itemListElement":[{"@type":"ListItem","position":1,"name":"Blog","item":"https:\/\/kakadu.pl\/blog\/"},{"@type":"ListItem","position":2,"name":"Black Friday w e-sklepie Kakadu!"}]},{"@type":"WebSite","@id":"https:\/\/kakadu.pl\/blog\/#website","url":"https:\/\/kakadu.pl\/blog\/","name":"Sie\u0107 sklep\u00f3w zoologicznych Kakadu","description":"Profesjonalna sie\u0107 sklep\u00f3w zoologicznych","potentialAction":[{"@type":"SearchAction","target":{"@type":"EntryPoint","urlTemplate":"https:\/\/kakadu.pl\/blog\/?s={search_term_string}"},"query-input":"required name=search_term_string"}],"inLanguage":"pl-PL"}]}},"_links":{"self":[{"href":"https:\/\/kakadu.pl\/blog\/wp-json\/wp\/v2\/pages\/22847"}],"collection":[{"href":"https:\/\/kakadu.pl\/blog\/wp-json\/wp\/v2\/pages"}],"about":[{"href":"https:\/\/kakadu.pl\/blog\/wp-json\/wp\/v2\/types\/page"}],"author":[{"embeddable":true,"href":"https:\/\/kakadu.pl\/blog\/wp-json\/wp\/v2\/users\/16"}],"replies":[{"embeddable":true,"href":"https:\/\/kakadu.pl\/blog\/wp-json\/wp\/v2\/comments?post=22847"}],"version-history":[{"count":0,"href":"https:\/\/kakadu.pl\/blog\/wp-json\/wp\/v2\/pages\/22847\/revisions"}],"wp:attachment":[{"href":"https:\/\/kakadu.pl\/blog\/wp-json\/wp\/v2\/media?parent=22847"}],"curies":[{"name":"wp","href":"https:\/\/api.w.org\/{rel}","templated":true}]}}